3 = -3*c. What is the remainder when s(-6) is divided by (-2)/(v/(17/(-2)))?
15
Let h = -25980 + 26046. What is the remainder when 1564 is divided by h?
46
Suppose -s = -126*f + 131*f - 209, 0 = 2*s + 12. Calculate the remainder when 4299 is divided by f.
42
Suppose -23*f + 24*f + 54 = 2*n, 0 = n - 4*f - 55. What is the remainder when 11107 is divided by n?
21
Suppose 15*n - 21*n = -54. Suppose 8*g + 298 = n*g. Calculate the remainder when g is divided by 75.
73
Let c = -2968 - -2979. Calculate the remainder when 78 is divided by c.
1
Let g(k) = -5*k - 45. Let u be g(-9). Suppose -2*j + 8*j - 282 = u. Calculate the remainder when j is divided by 3.
2
Let k = -88 - -169. Let b be 60/8*(-130)/(-15). Let t = k - b. What is the remainder when 49 is divided by t?
1
Let g = -74 - -76. Suppose 0 = 2*n - 2*w - 24, -g*n - 6*w = -3*w - 9. Let z = 9 + n. Calculate the remainder when 53 is divided by z.
17
Calculate the remainder when 2540 is divided by 25 + (-12 - -8)*1.
20
Let c(y) = -y**3 - 5*y**2 - 2*y**2 + 2 + 2. Let a = 1882 + -1867. What is the remainder when a is divided by c(-7)?
3
Let s(v) = 36*v**2 + 14. Calculate the remainder when 227 is divided by s(0).
3
Let c(p) = p**3 - 3*p**2 - 20*p + 3. Let q(j) = -j**3 + 17*j**2 - 13*j - 41. Let x be q(16). Calculate the remainder when c(x) is divided by 16.
11
Let k be (5 + -4 - 3) + -5. Let s(p) = 2*p + 48. Calculate the remainder when 99 is divided by s(k).
31
Suppose 42*k - 65223 = -19191. Calculate the remainder when k is divided by 44.
40
What is the remainder when 1916/3 - (-7)/((-21)/2) is divided by 234?
170
Let k(j) = 400*j**2 + 30*j - 134. What is the remainder when k(6) is divided by 25?
21
Let n(r) = 463*r**3 + 57*r**2 - 61*r + 3. What is the remainder when n(1) is divided by 60?
42
Let u be 1/2*(-15 + 13). Suppose 2*x = 2*t + 72, -x = 3*x + 3*t - 172. What is the remainder when ((-72)/x)/(u/10) is divided by 7?
4
Let b(c) = c**3 - 130*c**2 + c + 19. Calculate the remainder when 40 is divided by b(0).
2
Let l(w) = -251*w - 1326. What is the remainder when l(-10) is divided by 36?
32
Let r = 388 - 336. What is the remainder when r is divided by 2?
0
Let k(c) = -c**3 + 33*c**2 + 72*c - 76. Let a be k(35). Let o = 35 + a. Calculate the remainder when 120 is divided by o.
4
Let n(c) = 3*c**2 - 4*c - 73. Let o = -973 - -1023. What is the remainder when n(-6) is divided by o?
9
Suppose -54 = 4*h + 2*h. What is the remainder when (-2 - -1)/(h/738) is divided by 17?
14
Let o(f) = -2*f**2 - 58*f + 25. Let r be o(-28). Let v = -101 + r. Let q(i) = -i + 25. What is the remainder when q(v) is divided by 23?
22
Let t(n) = n - 3. Let p be t(6). Suppose -p*v - 6 = -45. Suppose -5*d - v = -78. Calculate the remainder when 38 is divided by d.
12
Let k(d) be the first derivative of -d**2 + 55*d - 26. Calculate the remainder when k(-13) is divided by 7.
4
Let d(n) = -3*n - 18. Let k(h) = -14*h + 284. Calculate the remainder when k(18) is divided by d(-9).
5
Suppose 187 = 5*j + 3*k, -9 - 18 = -j + 2*k. Let b(g) = -9*g**2 - 2*g - 1 - 14*g**2 + j*g**2. What is the remainder when b(-2) is divided by 18?
15
Let m be 11/(11/4) + (-52)/(-4). What is the remainder when (-2 + m)*(-198)/(-55) is divided by 22?
10
Suppose -3*t - 7*a + 2*a + 31 = 0, 3*t - a - 1 = 0. Suppose 0 = 5*q + 10, -4*g - q = -t*q - 154. What is the remainder when 63 is divided by g?
25
Suppose 10692 = 23*p + 43*p. Calculate the remainder when 2104 is divided by p.
160
Suppose 4*d = i - 0*d - 15, -i = 2*d - 3. Let r = 449223 - 449105. What is the remainder when r is divided by i?
6
Suppose 3*q + 0 - 3 = -5*r, -r + 5*q = -23. What is the remainder when (-150)/(-9)*(-1116)/(-620) is divided by (-5)/(-1)*12/r?
10
Suppose 4*g + 9168 = 5*b, -190*b - 4*g = -187*b - 5456. Calculate the remainder when b is divided by 264.
244
Suppose 8*r - 4*r = 8*r. Suppose 4*v + 9 - 49 = r. What is the remainder when 80 is divided by v?
0
Let b(x) = -383*x - 2962. What is the remainder when 810 is divided by b(-8)?
96
Suppose -7669 = -5*k + r, 3*k - 4532 = -3*r + 91. What is the remainder when k is divided by 256?
255
Suppose -21*p + 2196 = -1147 + 109. What is the remainder when 554 is divided by p?
92
Let p(h) = -2*h**3 - h - 5. Let a be p(0). Let r(f) = 4*f**2 + 8 + 5*f + 3*f - f**2. Calculate the remainder when r(a) is divided by 22.
21
Let f(s) = -s**3 + 6*s**2 - 2*s + 24. Let u be f(6). Suppose -v - 4 = -u. What is the remainder when ((-12)/(-42) - (-52)/14)*v is divided by 14?
4
Let k(d) = d**2 + 13*d - 77. Let f be k(-16). Let p = 39 - f. What is the remainder when p is divided by 10?
8
Let v(j) = -j**2 + 44*j + 73. Calculate the remainder when 4170 is divided by v(45).
26
Let y(m) = -3*m**2 - 160 + 14*m**2 + 156 + 6*m**2 - 15*m - m**2. What is the remainder when y(-4) is divided by 35?
32
Let d = -635 + 1679. Calculate the remainder when d is divided by 15.
9
Let k = -18948 - -19103. Calculate the remainder when 467 is divided by k.
2
Let x(q) = -q**3 + 13*q**2 - 160*q + 1080. Calculate the remainder when x(8) is divided by 3/(3 + 0) - -27.
8
Suppose -27*w + 709 + 74 = 0. Calculate the remainder when 316 is divided by w.
26
Calculate the remainder when 160 + (-4 - 8) + 0 + -8 is divided by 67.
6
Suppose 77*y + 2*y + 69465 - 215378 = 0. What is the remainder when y is divided by 56?
55
Let t be -1 - 15/(-27) - 42231/(-189). Let x = 322 - t. Calculate the remainder when x is divided by 23.
7
Suppose -28 = -v + 4*u, 35 + 20 = 4*v + 3*u. What is the remainder when 51 is divided by (1 + -1 - 1) + v?
6
Suppose -4*b = d + 3*d - 332, -5*b = 4*d - 420. Suppose -18 = 5*f + 5*m - b, -5*m = -f + 38. Calculate the remainder when 87 is divided by f.
15
Calculate the remainder when 307 is divided by -1 - (-125 - (-1 - -4)).
53
Let o = 399 + -270. Let l be (31/3)/((-3)/(-81)). Suppose -14*h + 29 + l = 0. Calculate the remainder when o is divided by h.
19
Suppose -44*l + 25331 = -9737. What is the remainder when l is divided by 206?
179
Calculate the remainder when (-707)/808 - (-22631)/8 is divided by 706.
4
Suppose 560*n - 555*n - 670 = 0. Suppose j - 4*j = -12. Suppose -5*g + 132 = -j*s, -s - 2*s - n = -5*g. What is the remainder when g is divided by 17?
11
Let n(v) be the third derivative of v**5/60 + 7*v**4/24 - 29*v**3 + 139*v**2. What is the remainder when 333 is divided by n(-20)?
75
Suppose -l + 98 = 2*n, 0*n - 3*l - 234 = -5*n. Let x = 1464 + -1446. What is the remainder when n is divided by x?
12
Let r(l) = -l**2 - l + 74. Let z = 415 - 328. Calculate the remainder when z is divided by r(-9).
1
Let p = 189 - 220. Let q = 26 - -16. Let u = p + q. What is the remainder when 21 is divided by u?
10
Let j = -135 + 204. Calculate the remainder when 48 is divided by (-3)/(-4) + j/4.
12
Let v(x) = x**3 + 164*x**2 + 288*x + 1157. Calculate the remainder when v(-162) is divided by 37.
33
Let p(f) = -7697 + 7717 + 0*f + 6*f. Calculate the remainder when 31 is divided by p(-2).
7
What is the remainder when -13 - (-305 - (-11 + 14)) is divided by 14?
1
Let v(q) = -q**3 + 5*q**2 - q + 2. Let i be (-2 - 3)*(-4 + (-102)/(-30)). What is the remainder when 112 is divided by v(i)?
10
Let o(z) = 762*z + 10420. Calculate the remainder when 1610 is divided by o(-13).
68
Suppose -30*f + 1580 = 49*f. Suppose 2467 = 4*u + o, 0*o - 3*o = 2*u - 1231. Calculate the remainder when u is divided by f.
17
Let q(y) = 2*y**2 - 103*y - 95. Calculate the remainder when q(58) is divided by 12.
11
Let r = 2194 + -1988. Calculate the remainder when r is divided by 42.
38
Let j be (-573)/12 + 2/(-8). Let w(t) = -t**3 - 14*t**2 - 49*t + 3. Let x be w(-3). Let n = j + x. Calculate the remainder when 4 is divided by n.
1
Let x = -13100 + 13114. What is the remainder when 4461 is divided by x?
9
Let d(t) = 1082*t - 3992. What is the remainder when d(4) is divided by 52?
24
Suppose 0 = -5*r - 2*h + 29, 0 = 3*h + 4 - 10. Suppose 0*s - r*s = u - 199, 5*u - 20 = 0. What is the remainder when s is divided by 10?
9
Let j be ((-804)/15 - -3) + (-2)/5. Let i = 109 + j. What is the remainder when i is divided by 33?
25
Let f(q) = 2*q**2 + 1. Let n(m) = -3*m + 17. Let j be n(6). Let u be f(j). Calculate the remainder when 90 is divided by u/(-2)*(-620)/30.
28
Let z(g) be the first derivative of 58*g**3/3 + 17*g**2 